 = 806 + -782. Let c = 268 - 172. Calculate the highest common factor of c and i.
24
Let z = 17 + -23. Let q be 1 - (-110)/15*z/4. Let x be ((-30)/(-9))/(q/(-195)). Calculate the greatest common divisor of 5 and x.
5
Suppose 0 = -70*r + 63*r + 3388. Suppose -r = -5*a + 391. What is the highest common divisor of 7 and a?
7
Let t be (-10 - -6)/((-2)/(-8)). Let l(k) = -k + 8. Let s be l(t). Let y(o) = 9*o**3 - 1. Let v be y(1). What is the highest common divisor of v and s?
8
Suppose -1226*w + 1215*w + 78123 = -12583. What is the greatest common factor of 62 and w?
62
Let g(s) = -s**2 - 4*s + 318. Let m be g(16). Let t(k) = -4*k + 9*k - 2 + k**3 + 5*k**2 + 3. Let r be t(m). What is the greatest common factor of 3 and r?
3
Suppose -4*c + 185 = 33*c. Let n be (c*1)/(5/90). What is the greatest common divisor of n and 110?
10
Let p = -175 - -116. Let q = p + 63. Let y be 94/q + 3 + 5/(-2). Calculate the highest common divisor of 40 and y.
8
Let d = 60 - 60. Suppose d = 15*h - 264 - 1896. What is the greatest common divisor of 54 and h?
18
Let r be (-17)/(2/(-6)*3). Suppose 3*p + 732 = -y, 2*p + 3*p = 5*y - 1200. Let n = p - -362. Calculate the greatest common divisor of n and r.
17
Let w(q) = 2*q + 0*q**2 + 29 + 12*q**2 - 10*q**2. Let y be w(12). Let l be (-30 + -1)*(-4 + 3). Calculate the highest common divisor of l and y.
31
Suppose 0*x + 4*x = 3*n - 45, 0 = 5*x. Suppose -4*a + 7*a + 30 = 0. Let l be 5*-1*(1 + a). Calculate the highest common factor of l and n.
15
Suppose -65*u + 14*u = -27*u - 1800. Calculate the highest common factor of 1675 and u.
25
Let j be 16/9 + -2 - (416/(-9) - -7). Calculate the highest common factor of j and 689.
13
Let p(w) = -24*w - 88. Let u be p(-5). Let o be u*(-1)/2*36/(-16). What is the highest common divisor of o and 180?
36
Suppose 6 = 3*t, 6*d - 3*d + 2*t = 1156. Calculate the highest common divisor of d and 4800.
192
Let g be 846/10 - 6/10. Let k(u) = -u**2 - 15*u + 46. Suppose 40*d + 368 = -312. Let p be k(d). What is the greatest common divisor of g and p?
12
Let j be 549*(-80)/(-36)*12/16. Suppose -26*m + j = 5. Calculate the greatest common factor of m and 20.
5
Let v(m) = 7*m**2 - 15*m + 24. Let j be v(3). Calculate the highest common divisor of j and 1778.
14
Let w(y) = -y + 15. Let p be w(0). Let k be ((-6)/p)/((-2)/20). Suppose -1 - 3 = -k*r. What is the highest common divisor of 2 and r?
1
Suppose -425*v + 300 = -203*v - 202*v. Calculate the greatest common divisor of v and 6855.
15
Let i(g) = 5*g**2 - 5*g + 6. Let d be i(-6). Let b be (-68)/(-12) + 3/9. Suppose -27 - 135 = -b*t. Calculate the highest common factor of d and t.
27
Let q = 16913 + -8624. Calculate the greatest common divisor of q and 9.
9
Suppose 109*z + 2103 = 43959. What is the highest common factor of z and 3648?
192
Suppose -3*q + 144 = 3*q. Let d be 2/(q/95 + 5/(-25)). Calculate the highest common divisor of 19 and d.
19
Let g(p) = -p**3 - 10*p**2 + p - 11. Let t be g(-10). Let w = t + 23. Suppose 0 = -x - 566 + 592. Calculate the greatest common factor of w and x.
2
Suppose -845*z + 740*z = -1133160. Calculate the greatest common divisor of z and 304.
152
Suppose 18*l + 1 = 19. Let d(z) = 2*z**3 + 4*z**2 - 2*z - 7. Let b be d(-3). Let h = 3 - b. Calculate the highest common factor of l and h.
1
Let v = 1175 + -1139. Let a be ((-40)/(-6))/((-6)/(-9)). Suppose w - 5*n + a*n - 113 = 0, -109 = -w - n. What is the greatest common divisor of w and v?
36
Suppose -89850 + 28290 = -285*g. What is the highest common divisor of 1098 and g?
18
Let i = -375 - -414. Suppose -c + 5*c - 29 = 5*n, -2*n + i = 3*c. What is the highest common factor of 22 and c?
11
Let p(m) = 18*m - 94. Let x be -1 - (0 - 3 - (2 + 2)). Let g be p(x). What is the highest common divisor of g and 70?
14
Let t = 7700 + -7573. What is the highest common factor of t and 35179?
127
Suppose 2*u - 228 = -0*u. Let t(g) = -g**2 + 153*g - 4634. Let f be t(97). Calculate the greatest common factor of u and f.
114
Let m be ((45/(-2))/5)/(1 + 15165/(-15156)). Calculate the highest common divisor of m and 36.
18
Suppose 359 = -3*a - 5*d, 4 = 3*d - 2. Let i = 128 + a. Suppose -80 = -4*b - 2*g + i*g, -4*g + 40 = 2*b. Calculate the greatest common divisor of 60 and b.
20
Let z = -2813 - -2912. What is the highest common factor of z and 737?
11
Let v(x) = -182*x + 33. Let s(t) = -539*t + 98. Let h(c) = 3*s(c) - 8*v(c). Let o be h(-2). Calculate the greatest common factor of o and 44.
44
Let v be (3818/(-1826))/((-3)/33). What is the greatest common divisor of v and 1288?
23
Suppose 0 = -69*v - 1625 + 35849. Calculate the greatest common divisor of v and 1457.
31
Suppose 63*b - 34*b + 89*b - 68440 = 0. Calculate the highest common factor of b and 1798.
58
Suppose -52*j + 5671 + 12425 = 0. Calculate the greatest common factor of j and 120.
12
Let i be 15/20*(-1 + -3). Let u(p) = -p**3 + 3*p**2 - 3*p - 9. Let k be u(i). Calculate the greatest common factor of k and 486.
54
Let t(n) = -14*n - 126. Let z be t(-9). Let r be 211 + 3 + (4 - z - 1). What is the greatest common divisor of r and 14?
7
Suppose 2*l + 162*i - 636 = 158*i, 0 = 5*l - i - 1623. Suppose 0 = -5*s + 3*x + 51, -3*s + 38 = 5*x - 13. Calculate the greatest common divisor of s and l.
12
Let v = 315 + -266. Let m be (392/20)/(5/50). What is the highest common factor of v and m?
49
Let q = 20778 + -20773. Calculate the greatest common factor of q and 4135.
5
Let p = 48 + 162. Let s be 5/(-3)*429/(-65). Suppose 1837 + s = 22*q. Calculate the greatest common divisor of p and q.
42
Suppose 39*a = 41*a + 32. Let i be -1 - (3 - 1244/a)*4. Let s be 1/(48/i*(-1)/4). Calculate the highest common factor of s and 81.
27
Let n(v) = -27*v + 82. Let x be n(3). Let s(c) = c + 5. Let i be s(-4). Calculate the greatest common factor of i and x.
1
Suppose s + 5*z - 60 = 0, 13*s + 64 = 14*s + 4*z. What is the greatest common divisor of s and 200?
40
Suppose 294 = 9225*b - 9218*b. Calculate the greatest common divisor of b and 182.
14
Suppose 2*p - 337 - 63 = 0. Suppose 0 = 4*t - 3 + 23, 3*c - 57 = -3*t. Suppose -c = -7*b + p. Calculate the highest common factor of b and 4.
4
Let b be 2 + -7 + -53 + 65. What is the highest common divisor of 277 and b?
1
Let u be (-15)/(210/4) + 1633/7. Let x = -197 + u. What is the greatest common divisor of 126 and x?
18
Let m be (-9658)/(-121) + (3 - (-124)/(-44)). Suppose m*g - 2244 = 74*g. Let u(t) = t**2 - t - 8. Let s be u(7). What is the highest common factor of s and g?
34
Let f be -11*((-14)/(-21) + 32/(-12)). Let y(r) = -r**3 + 23*r**2 - 6*r - 130. Let z be y(f). What is the highest common divisor of z and 6?
6
Suppose 72 = 5*f + 2*z, 91 - 16 = 5*f + 5*z. Let y be ((-70)/6)/(-5) - f/(-21). Calculate the greatest common divisor of y and 18.
3
Let f(s) = 3*s**3 + s**2 - 5*s - 2. Let v be f(-2). Let w be v/(112/24 + -5). Calculate the greatest common factor of w and 63.
9
Let v be (260/(-15))/(-2)*36. Let y be -2 + ((-10)/20)/((-1)/v). What is the greatest common factor of 28 and y?
14
Let q be (-14)/35 + (-27)/(-5). Suppose -q*l - y = 185, 0 = 2*l - 3*y - 2*y + 47. Let i = l - -64. What is the highest common factor of i and 224?
28
Let s = -3254 - -5466. What is the greatest common factor of s and 8?
4
Let i(v) = -3*v**2 + 50*v + 238. Let a be i(20). What is the greatest common divisor of 2299 and a?
19
Let j = 1285 - -8. Let a be (-2)/(-66)*j + 4/(-22). What is the highest common divisor of 351 and a?
39
Suppose n + 5*t - 22 = 2*n, n - 4*t = -23. Let h be 4/((-72)/n)*(-40)/(-3). Calculate the highest common factor of h and 460.
20
Let h = -244 - -240. Let a be 942*h*1/(-4). Calculate the greatest common divisor of 6 and a.
6
Let s(c) = 165*c + 668. Let x be s(-4). Suppose 0 = -3*y + y - 2. Let g(q) = -13*q - 1. Let r be g(y). What is the highest common factor of x and r?
4
Suppose -9*z - 3*z = -3432. Let w be ((-12)/10)/(2 - (-798)/(-390)). Calculate the greatest common factor of z and w.
26
Let r(m) be the first derivative of 17*m**2/2 + 4*m + 175. Let a be r(0). What is the greatest common divisor of 144 and a?
4
Suppose 5*z - 32 + 17 = 0, 5*z = -2*c + 7759. What is the greatest common divisor of 847 and c?
121
Suppose 4*r - 4*k = 1064, -3*r + k + 532 = -r. Suppose -2*q = 2*t - r, 5*t - 246 = -3*q 